r?
False
Is 79479550895 prime?
False
Is 2208422989 a composite number?
False
Is 46445912717 composite?
False
Is 14653294369 prime?
False
Is 169497075907 a prime number?
False
Is 6759612683 composite?
True
Is 24761621953 a prime number?
True
Is 930593263 a prime number?
True
Is 15252769093 a composite number?
True
Is 4634485001 a prime number?
False
Is 506079449 a composite number?
False
Is 2469060521 composite?
False
Is 4067628157 a prime number?
False
Is 115765337 composite?
False
Is 2323041311 composite?
False
Is 730201209 composite?
True
Is 2066932433 composite?
True
Is 13950803 prime?
True
Is 3891801737 a composite number?
False
Is 29250673687 a composite number?
False
Is 2496771659 composite?
False
Is 1547588569 prime?
True
Is 4841800673 composite?
False
Is 418459121 a composite number?
True
Is 14896027969 a prime number?
True
Is 382774719 composite?
True
Is 5020215191 a composite number?
False
Is 156490128313 composite?
False
Is 15104152627 a composite number?
False
Is 269774299 composite?
True
Is 5197256231 composite?
False
Is 384900259 a composite number?
False
Is 732462931 a prime number?
True
Is 16042888171 prime?
False
Is 108678768841 a composite number?
True
Is 40862813 prime?
False
Is 172290799 a prime number?
True
Is 99596359 a prime number?
True
Is 2766201059 a prime number?
True
Is 363274117 a composite number?
False
Is 7470811123 a composite number?
True
Is 5598553183 prime?
True
Is 1784905387 a composite number?
False
Is 44050673941 prime?
True
Is 1232797549 a prime number?
True
Is 1600172789 a prime number?
True
Is 2682652939 a composite number?
True
Is 1216087981 a composite number?
False
Is 246435599 a composite number?
False
Is 663552389 composite?
True
Is 15775481411 a prime number?
False
Is 203360923 a composite number?
True
Is 11401064789 composite?
True
Is 976927423 a prime number?
False
Is 20942982341 a composite number?
False
Is 151968871 composite?
False
Is 386155331 a composite number?
True
Is 97838567 a prime number?
False
Is 313676687 composite?
False
Is 1446984017 a composite number?
True
Is 548664067493 a composite number?
False
Is 19616521999 a composite number?
True
Is 2079879319 a prime number?
False
Is 141697137731 a prime number?
False
Is 81011395991 composite?
False
Is 1755099253 a prime number?
True
Is 14349005849 prime?
False
Is 22797775111 a prime number?
False
Is 3965030039 composite?
True
Is 20503389719 a composite number?
True
Is 922538377 a composite number?
True
Is 642747107 prime?
True
Is 2996156749 composite?
False
Is 123063031397 composite?
True
Is 6020598577 prime?
False
Is 102098424355 prime?
False
Is 7215530557 prime?
True
Is 1337498153 a composite number?
True
Is 2593612243 prime?
True
Is 3601619321 a composite number?
False
Is 10066136183 prime?
False
Is 321166469 composite?
True
Is 137542670491 prime?
False
Is 1945232417 composite?
True
Is 11602712117 composite?
False
Is 4151304961 a composite number?
False
Is 6843782051 prime?
True
Is 1902568979 a prime number?
True
Is 5516120713 a prime number?
False
Is 16003024843 composite?
True
Is 5463286769 a prime number?
False
Is 1660051801 composite?
True
Is 36240271759 prime?
True
Is 59298651091 a prime number?
True
Is 2875424263 a composite number?
True
Is 197593453 composite?
False
Is 87396483 prime?
False
Is 2616041621 prime?
True
Is 766356247 a prime number?
False
Is 4404539683 prime?
True
Is 138855006977 a prime number?
True
Is 34506302651 prime?
False
Is 19247397703 a prime number?
False
Is 814274261 a composite number?
True
Is 189928663 a prime number?
False
Is 1448791031 a composite number?
True
Is 12841478729 composite?
True
Is 210190795 a prime number?
False
Is 896128733 composite?
False
Is 2272518681 prime?
False
Is 68095057051 prime?
False
Is 1269884929 a composite number?
True
Is 54003699751 a prime number?
False
Is 103642069 prime?
False
Is 13356017 a composite number?
False
Is 506763037 prime?
False
Is 16205937967 prime?
True
Is 556613341 composite?
True
Is 673292791 a prime number?
True
Is 26782663405 prime?
False
Is 249037387 a composite number?
True
Is 18809465938 composite?
True
Is 20431773611 a prime number?
True
Is 1366748011 a prime number?
True
Is 12236175593 composite?
False
Is 5051684746 a prime number?
False
Is 16484256277 a prime number?
True
Is 15572230483 a prime number?
True
Is 347339089 composite?
False
Is 844499167 prime?
False
Is 200738519 a composite number?
False
Is 56087098553 a composite number?
False
Is 10089665693 a prime number?
True
Is 263280339383 a prime number?
True
Is 14081600041 prime?
True
Is 2291073581 a prime number?
True
Is 112467673 a prime number?
True
Is 615371629 a composite number?
True
Is 11975374973 a composite number?
False
Is 13443947527 a composite number?
False
Is 1349781229 prime?
False
Is 18916039633 a composite number?
False
Is 4858923677 composite?
True
Is 1292871763 a prime number?
True
Is 12263254517 composite?
True
Is 4967524427 a prime number?
False
Is 37439953651 a prime number?
True
Is 1145544481 prime?
True
Is 2813462699 a composite number?
False
Is 10665850267 prime?
True
Is 5684573693 a prime number?
False
Is 1827324857 a prime number?
True
Is 36218066933 a composite number?
False
Is 739278341 a prime number?
False
Is 15509660471 composite?
True
Is 201942646007 composite?
False
Is 1027443631 a prime number?
True
Is 36093658039 a prime number?
False
Is 6581750287 a composite number?
True
Is 1148750327 a composite number?
False
Is 1584951713 a composite number?
False
Is 79584903359 prime?
False
Is 5188882139 composite?
True
Is 161707141 a composite number?
True
Is 602765157 a prime number?
False
Is 3980099489 a composite number?
False
Is 2837810785 a composite number?
True
Is 1643504645 composite?
True
Is 53635622917 a prime number?
False
Is 994092523 prime?
False
Is 14596200799 prime?
False
Is 18301732023 a composite number?
True
Is 828757471 composite?
False
Is 130974647893 prime?
True
Is 17424840839 a composite number?
True
Is 11876629451 composite?
False
Is 944951773 prime?
True
Is 9528294133 a prime number?
True
Is 9910022467 a composite number?
False
Is 9055190383 prime?
True
Is 434393633 a composite number?
False
Is 8784860377 composite?
False
Is 31310158787 composite?
False
Is 39376280527 a prime number?
False
Is 69587365993 composite?
True
Is 3248432189 prime?
True
Is 7000784009 composite?
False
Is 34248635 prime?
False
Is 83787497 a prime number?
False
Is 8463904843 prime?
False
Is 12297294409 a composite number?
True
Is 2111111713 prime?
True
Is 114459674297 composite?
True
Is 734062269 a composite number?
True
Is 5356240633 composite?
False
Is 332633826599 a prime number?
True
Is 1420459241 a composite number?
True
Is 1126194317 a composite number?
True
Is 4777695373 composite?
True
Is 26987364133 prime?
False
Is 14944213877 a prime number?
True
Is 24029556979 composite?
True
Is 70103205431 composite?
True
Is 13596075733 prime?
True
Is 3208346231 prime?
True
Is 1821718733 composite?
False
Is 10154749489 composite?
False
Is 3876066947 prime?
True
Is 815566153 a composite number?
True
Is 7598412397 prime?
True
Is 6704151599 prime?
True
Is 8723643683 a prime number?
True
Is 4706347433 a prime number?
True
Is 94416523 a composite number?
False
Is 1257233137 a composite number?
True
Is 8557475299 prime?
False
Is 3730666039 composite?
False
Is 364358963 a prime number?
True
Is 25392682717 composite?
False
Is 674806151 prime?
True
Is 8076437107 prime?
False
Is 21418908397 composite?
False
Is 2280874571 a prime number?
True
Is 61092299 a composite number?
True
Is 154606379567 prime?
True
Is 2525647723 a prime number?
False
Is 4417687423 a prime number?
True
Is 3459261667 a composite number?
False
Is 10241375567 prime?
True
Is 3085680035 composite?
True
Is 7400659559 a composite number?
True
Is 581800261 prime?
False
Is 5199213527 composite?
False
Is 5098732467 a composite number?
True
Is 19294801579 prime?
False
Is 621884711 a prime number?
False
Is 10485135911 a composite number?
False
Is 667341943 prime?
True
Is 44623810109 composite?
False
Is 3488523943 prime?
True
Is 4602735443 composite?
True
Is 4639589858 a prime number?
False
Is 2420512399 prime?
False
Is 6660590509 prime?
False
Is 657694699 composite?
False
Is 4899964583 a composite number?
False
Is 4126224